nder when 367442 is divided by 36743?
12
What is the remainder when 2664079 is divided by 1684?
1675
What is the remainder when 467443 is divided by 4399?
1149
Calculate the remainder when 105122455 is divided by 229525.
5
What is the remainder when 20385996 is divided by 100?
96
What is the remainder when 379755 is divided by 189808?
139
What is the remainder when 1375108 is divided by 22?
20
Calculate the remainder when 82137597 is divided by 480.
477
What is the remainder when 15080003 is divided by 46?
7
Calculate the remainder when 3045044 is divided by 178.
176
What is the remainder when 117212 is divided by 103?
101
What is the remainder when 2430605 is divided by 221?
47
Calculate the remainder when 563522 is divided by 220.
102
Calculate the remainder when 667011 is divided by 768.
387
Calculate the remainder when 285411 is divided by 95129.
24
What is the remainder when 15068994 is divided by 101?
97
Calculate the remainder when 1516380 is divided by 4724.
4700
Calculate the remainder when 27112 is divided by 520.
72
What is the remainder when 184274093 is divided by 6354279?
2
What is the remainder when 234537131 is divided by 7093?
7086
What is the remainder when 50839 is divided by 8376?
583
Calculate the remainder when 9995746 is divided by 1110619.
175
Calculate the remainder when 14131599 is divided by 114.
45
Calculate the remainder when 12941409 is divided by 15.
9
What is the remainder when 509262 is divided by 3070?
2712
What is the remainder when 21348 is divided by 173?
69
Calculate the remainder when 1181052794 is divided by 8834.
8832
Calculate the remainder when 41160503 is divided by 164642.
3
What is the remainder when 25509 is divided by 1000?
509
Calculate the remainder when 1701332 is divided by 189036.
8
What is the remainder when 196746 is divided by 535?
401
Calculate the remainder when 260374 is divided by 2036.
1802
What is the remainder when 208609661 is divided by 304?
301
Calculate the remainder when 6636181 is divided by 322.
83
Calculate the remainder when 23692 is divided by 2106.
526
What is the remainder when 10822975 is divided by 83?
24
What is the remainder when 1706007 is divided by 518?
233
Calculate the remainder when 111339 is divided by 55577.
185
Calculate the remainder when 369937615 is divided by 5587.
5584
Calculate the remainder when 3796007 is divided by 941.
13
Calculate the remainder when 2488686 is divided by 51844.
174
Calculate the remainder when 607162 is divided by 10836.
346
What is the remainder when 1361547 is divided by 7692?
63
What is the remainder when 1909902 is divided by 20?
2
Calculate the remainder when 2381705 is divided by 232.
225
What is the remainder when 561504 is divided by 1796?
1152
Calculate the remainder when 1463286 is divided by 459.
453
Calculate the remainder when 242241940 is divided by 339.
337
Calculate the remainder when 2688088 is divided by 30.
28
Calculate the remainder when 16850187 is divided by 3.
0
What is the remainder when 21024259 is divided by 434?
431
Calculate the remainder when 614333 is divided by 95.
63
Calculate the remainder when 233386 is divided by 1326.
10
What is the remainder when 94960 is divided by 416?
112
Calculate the remainder when 7056185 is divided by 90.
5
Calculate the remainder when 28906 is divided by 9058.
1732
Calculate the remainder when 20668015 is divided by 861166.
31
What is the remainder when 112788270 is divided by 12532029?
9
What is the remainder when 6830725 is divided by 243?
238
What is the remainder when 14690438 is divided by 638?
488
Calculate the remainder when 646575 is divided by 40409.
31
What is the remainder when 3692514 is divided by 246166?
24
What is the remainder when 327528061 is divided by 314?
313
Calculate the remainder when 18756324 is divided by 86.
68
What is the remainder when 2243002 is divided by 657?
4
What is the remainder when 12074593 is divided by 201239?
253
What is the remainder when 259065494 is divided by 43?
40
Calculate the remainder when 2966102 is divided by 739.
495
What is the remainder when 32629059 is divided by 2110?
19
What is the remainder when 53662998 is divided by 81?
12
Calculate the remainder when 92105 is divided by 10110.
1115
Calculate the remainder when 22886091 is divided by 118.
109
What is the remainder when 2055155 is divided by 706?
695
Calculate the remainder when 9694266 is divided by 37001.
4
What is the remainder when 6560517 is divided by 15?
12
What is the remainder when 28094 is divided by 638?
22
Calculate the remainder when 58437 is divided by 57927.
510
What is the remainder when 15520276 is divided by 6176?
6164
Calculate the remainder when 1469841 is divided by 774.
15
What is the remainder when 475424 is divided by 165?
59
Calculate the remainder when 26866 is divided by 472.
434
What is the remainder when 2221530 is divided by 740495?
45
Calculate the remainder when 402777 is divided by 855.
72
Calculate the remainder when 19908 is divided by 19844.
64
What is the remainder when 6640923 is divided by 75465?
3
What is the remainder when 198790 is divided by 1404?
826
What is the remainder when 19193315 is divided by 397?
350
Calculate the remainder when 48798 is divided by 944.
654
What is the remainder when 1974925 is divided by 151909?
108
Calculate the remainder when 1001242 is divided by 316.
154
What is the remainder when 130550 is divided by 1899?
1418
What is the remainder when 2204624 is divided by 703?
16
Calculate the remainder when 676113 is divided by 45074.
3
What is the remainder when 40124 is divided by 1072?
460
What is the remainder when 2765349 is divided by 22?
15
What is the remainder when 1117511 is divided by 203?
199
Calculate the remainder when 1500276 is divided by 1499875.
401
Calculate the remainder when 5264941 is divided by 69.
34
Calculate the remainder when 104907 is divided by 190.
27
What is the remainder when 113619 is divided by 1337?
1311
What is the remainder when 22290853 is divided by 602?
599
What is the remainder when 1403139 is divided by 495?
309
Calculate the remainder when 3036009 is divided by 178587.
30
What is the remainder when 30794390 is divided by 1026?
26
What is the remainder when 59394 is divided by 1611?
1398
Calculate the remainder when 2068523 is divided by 229816.
179
Calculate the remainder when 6925413 is divided by 3100.
13
Calculate the remainder when 16059698 is divided by 136.
2
Calculate the remainder when 27750127 is divided by 2981.
2979
What is the remainder when 2492618 is divided by 2160?
2138
What is the remainder when 2790 is divided by 37?
15
What is the remainder when 445110 is divided by 148305?
195
Calculate the remainder when 3214604 is divided by 123614.
640
What is the remainder when 1134216 is divided by 1134195?
21
Calculate the remainder when 9243286 is divided by 2310810.
46
What is the remainder when 839046 is divided by 171?
120
What is the remainder when 51539429 is divided by 14?
11
What is the remainder when 6509079 is divided by 3743?
2
Calculate the remainder when 115515 is divided by 19121.
789
Calculate the remainder when 4121186 is divided by 14210.
286
What is the remainder when 3661040 is divided by 366041?
630
What is the remainder when 58085761 is divided by 617933?
59
Calculate the remainder when 2036906 is divided by 16.
10
What is the remainder when 26388 is divided by 347?
16
What is the remainder when 5213 is divided by 5152?
61
What is the remainder when 84897580 is divided by 163?
8
What is the remainder when 270271457 is divided by 37?
36
Calculate the remainder when 198881 is divided by 66256.
113
What is the remainder when 17293552 is divided by 4493?
4488
What is the remainder when 26318595 is divided by 257?
253
Calculate the remainder when 2131899209 is divided by 1242.
1241
What is the remainder when 595770 is divided by 856?
850
What is the remainder when 2262123 is divided by 1131019?
85
What is the remainder when 180840 is divided by 4202?
154
Calculate the remainder when 162517 is divided by 544.
405
Calculate the remainder when 118149 is divided by 16613.
1858
Calculate the remainder when 56386 is divided by 1778.
1268
Calculate the remainder when 96227 is divided by 6008.
99
Calculate the remainder when 107707 is